{"id":1161,"date":"2024-01-15T13:42:24","date_gmt":"2024-01-15T16:42:24","guid":{"rendered":"https:\/\/www.ingema.com.uy\/ingema\/?page_id=1161"},"modified":"2024-01-16T10:53:39","modified_gmt":"2024-01-16T13:53:39","slug":"ingenieria-2","status":"publish","type":"page","link":"https:\/\/www.ingema.com.uy\/ingema\/ingema-gestion-mantenimiento-integral\/ingenieria-2\/","title":{"rendered":"Ingenieria"},"content":{"rendered":"\t\t<div data-elementor-type=\"wp-post\" data-elementor-id=\"1161\" class=\"elementor elementor-1161\">\n\t\t\t\t\t\t\t\t\t<section class=\"elementor-section elementor-top-section elementor-element elementor-element-8cade41 elementor-section-content-middle elementor-section-boxed elementor-section-height-default elementor-section-height-default\" data-id=\"8cade41\" data-element_type=\"section\" data-settings=\"{&quot;background_background&quot;:&quot;classic&quot;,&quot;shape_divider_bottom&quot;:&quot;waves&quot;}\">\n\t\t\t\t\t\t\t<div class=\"elementor-background-overlay\"><\/div>\n\t\t\t\t\t\t<div class=\"elementor-shape elementor-shape-bottom\" data-negative=\"false\">\n\t\t\t<svg xmlns=\"http:\/\/www.w3.org\/2000\/svg\" viewBox=\"0 0 1000 100\" preserveAspectRatio=\"none\">\n\t<path class=\"elementor-shape-fill\" d=\"M421.9,6.5c22.6-2.5,51.5,0.4,75.5,5.3c23.6,4.9,70.9,23.5,100.5,35.7c75.8,32.2,133.7,44.5,192.6,49.7\n\tc23.6,2.1,48.7,3.5,103.4-2.5c54.7-6,106.2-25.6,106.2-25.6V0H0v30.3c0,0,72,32.6,158.4,30.5c39.2-0.7,92.8-6.7,134-22.4\n\tc21.2-8.1,52.2-18.2,79.7-24.2C399.3,7.9,411.6,7.5,421.9,6.5z\"\/>\n<\/svg>\t\t<\/div>\n\t\t\t\t\t<div class=\"elementor-container elementor-column-gap-default\">\n\t\t\t\t\t<div class=\"elementor-column elementor-col-100 elementor-top-column elementor-element elementor-element-6e21db4\" data-id=\"6e21db4\" data-element_type=\"column\">\n\t\t\t<div class=\"elementor-widget-wrap elementor-element-populated\">\n\t\t\t\t\t\t\t\t<div class=\"elementor-element elementor-element-591e599 elementor-widget elementor-widget-heading\" data-id=\"591e599\" data-element_type=\"widget\" data-widget_type=\"heading.default\">\n\t\t\t\t<div class=\"elementor-widget-container\">\n\t\t\t<h2 class=\"elementor-heading-title elementor-size-default\">Ingenier\u00eda<\/h2>\t\t<\/div>\n\t\t\t\t<\/div>\n\t\t\t\t\t<\/div>\n\t\t<\/div>\n\t\t\t\t\t\t\t<\/div>\n\t\t<\/section>\n\t\t\t\t<section class=\"elementor-section elementor-top-section elementor-element elementor-element-4eff150 elementor-section-boxed elementor-section-height-default elementor-section-height-default\" data-id=\"4eff150\" data-element_type=\"section\">\n\t\t\t\t\t\t<div class=\"elementor-container elementor-column-gap-default\">\n\t\t\t\t\t<div class=\"elementor-column elementor-col-100 elementor-top-column elementor-element elementor-element-4ac2727\" data-id=\"4ac2727\" data-element_type=\"column\">\n\t\t\t<div class=\"elementor-widget-wrap elementor-element-populated\">\n\t\t\t\t\t\t\t\t<div class=\"elementor-element elementor-element-6621ffd elementor-widget elementor-widget-heading\" data-id=\"6621ffd\" data-element_type=\"widget\" data-widget_type=\"heading.default\">\n\t\t\t\t<div class=\"elementor-widget-container\">\n\t\t\t<h2 class=\"elementor-heading-title elementor-size-xl\">Ingenier\u00eda<\/h2>\t\t<\/div>\n\t\t\t\t<\/div>\n\t\t\t\t\t<\/div>\n\t\t<\/div>\n\t\t\t\t\t\t\t<\/div>\n\t\t<\/section>\n\t\t\t\t<section class=\"elementor-section elementor-top-section elementor-element elementor-element-7ed52ef elementor-section-boxed elementor-section-height-default elementor-section-height-default\" data-id=\"7ed52ef\" data-element_type=\"section\" data-settings=\"{&quot;background_background&quot;:&quot;classic&quot;}\">\n\t\t\t\t\t\t\t<div class=\"elementor-background-overlay\"><\/div>\n\t\t\t\t\t\t\t<div class=\"elementor-container elementor-column-gap-default\">\n\t\t\t\t\t<div class=\"elementor-column elementor-col-33 elementor-top-column elementor-element elementor-element-8f8d5c1\" data-id=\"8f8d5c1\" data-element_type=\"column\">\n\t\t\t<div class=\"elementor-widget-wrap\">\n\t\t\t\t\t\t\t\t\t<\/div>\n\t\t<\/div>\n\t\t\t\t<div class=\"elementor-column elementor-col-66 elementor-top-column elementor-element elementor-element-955406a\" data-id=\"955406a\" data-element_type=\"column\">\n\t\t\t<div class=\"elementor-widget-wrap elementor-element-populated\">\n\t\t\t\t\t\t\t\t<div class=\"elementor-element elementor-element-66e9381 elementor-widget elementor-widget-eael-feature-list\" data-id=\"66e9381\" data-element_type=\"widget\" data-widget_type=\"eael-feature-list.default\">\n\t\t\t\t<div class=\"elementor-widget-container\">\n\t\t\t\t\t<div class=\"-icon-position-left -tablet-icon-position-left -mobile-icon-position-left\">\n\t\t\t<ul id=\"eael-feature-list-66e9381\" class=\"eael-feature-list-items circle stacked \">\n\t\t\t                <li class=\"eael-feature-list-item elementor-repeater-item-e63b077\">\n                    \n\t\t\t\t\t\t<div class=\"eael-feature-list-icon-box\">\n\t\t\t\t\t\t\t<div class=\"eael-feature-list-icon-inner\">\n\n\t\t\t\t\t\t\t\t<span class=\"eael-feature-list-icon fl-icon-0\">\n\n\t\t<i aria-hidden=\"true\" class=\"fas fa-check\"><\/i>\t\t\t\t\t\t\t\t<\/span>\n\t\t\t\t\t\t\t<\/div>\n\t\t\t\t\t\t<\/div>\n\t\t\t\t\t\t<div class=\"eael-feature-list-content-box\">\n\t\t\t\t\t\t\t<h3 class=\"eael-feature-list-title\"\t\t\t\t\t\t\t><\/h3\t\t\t\t\t\t>\n\t\t\t\t\t\t<p class=\"eael-feature-list-content\">Soluciones para la adecuaci\u00f3n de los procesos industriales con enfoque en la mejora continua<\/p>\n\t\t\t\t\t\t<\/div>\n\n\t\t\t\t\t<\/li>\n\t\t\t\t                <li class=\"eael-feature-list-item elementor-repeater-item-1101c18\">\n                    \n\t\t\t\t\t\t<div class=\"eael-feature-list-icon-box\">\n\t\t\t\t\t\t\t<div class=\"eael-feature-list-icon-inner\">\n\n\t\t\t\t\t\t\t\t<span class=\"eael-feature-list-icon fl-icon-1\">\n\n\t\t<i aria-hidden=\"true\" class=\"fas fa-check\"><\/i>\t\t\t\t\t\t\t\t<\/span>\n\t\t\t\t\t\t\t<\/div>\n\t\t\t\t\t\t<\/div>\n\t\t\t\t\t\t<div class=\"eael-feature-list-content-box\">\n\t\t\t\t\t\t\t<h3 class=\"eael-feature-list-title\"\t\t\t\t\t\t\t><\/h3\t\t\t\t\t\t>\n\t\t\t\t\t\t<p class=\"eael-feature-list-content\">Aportar valor agregado a partir de soluciones creativas, integrales e inteligentes para todas las necesidades.<\/p>\n\t\t\t\t\t\t<\/div>\n\n\t\t\t\t\t<\/li>\n\t\t\t\t                <li class=\"eael-feature-list-item elementor-repeater-item-a08d44c\">\n                    \n\t\t\t\t\t\t<div class=\"eael-feature-list-icon-box\">\n\t\t\t\t\t\t\t<div class=\"eael-feature-list-icon-inner\">\n\n\t\t\t\t\t\t\t\t<span class=\"eael-feature-list-icon fl-icon-2\">\n\n\t\t<i aria-hidden=\"true\" class=\"fas fa-check\"><\/i>\t\t\t\t\t\t\t\t<\/span>\n\t\t\t\t\t\t\t<\/div>\n\t\t\t\t\t\t<\/div>\n\t\t\t\t\t\t<div class=\"eael-feature-list-content-box\">\n\t\t\t\t\t\t\t<h3 class=\"eael-feature-list-title\"\t\t\t\t\t\t\t><\/h3\t\t\t\t\t\t>\n\t\t\t\t\t\t<p class=\"eael-feature-list-content\">Aplicamos metodolog\u00edas que permiten transitar un camino ordenado, asegurando que el proceso sea controlado y se concluya con el resultado esperado.<\/p>\n\t\t\t\t\t\t<\/div>\n\n\t\t\t\t\t<\/li>\n\t\t\t\t                <li class=\"eael-feature-list-item elementor-repeater-item-22fefc3\">\n                    \n\t\t\t\t\t\t<div class=\"eael-feature-list-icon-box\">\n\t\t\t\t\t\t\t<div class=\"eael-feature-list-icon-inner\">\n\n\t\t\t\t\t\t\t\t<span class=\"eael-feature-list-icon fl-icon-3\">\n\n\t\t<i aria-hidden=\"true\" class=\"fas fa-check\"><\/i>\t\t\t\t\t\t\t\t<\/span>\n\t\t\t\t\t\t\t<\/div>\n\t\t\t\t\t\t<\/div>\n\t\t\t\t\t\t<div class=\"eael-feature-list-content-box\">\n\t\t\t\t\t\t\t<h3 class=\"eael-feature-list-title\"\t\t\t\t\t\t\t><\/h3\t\t\t\t\t\t>\n\t\t\t\t\t\t<p class=\"eael-feature-list-content\">Evaluaci\u00f3n de proyectos.<\/p>\n\t\t\t\t\t\t<\/div>\n\n\t\t\t\t\t<\/li>\n\t\t\t\t                <li class=\"eael-feature-list-item elementor-repeater-item-35e7bd8\">\n                    \n\t\t\t\t\t\t<div class=\"eael-feature-list-icon-box\">\n\t\t\t\t\t\t\t<div class=\"eael-feature-list-icon-inner\">\n\n\t\t\t\t\t\t\t\t<span class=\"eael-feature-list-icon fl-icon-4\">\n\n\t\t<i aria-hidden=\"true\" class=\"fas fa-check\"><\/i>\t\t\t\t\t\t\t\t<\/span>\n\t\t\t\t\t\t\t<\/div>\n\t\t\t\t\t\t<\/div>\n\t\t\t\t\t\t<div class=\"eael-feature-list-content-box\">\n\t\t\t\t\t\t\t<h3 class=\"eael-feature-list-title\"\t\t\t\t\t\t\t><\/h3\t\t\t\t\t\t>\n\t\t\t\t\t\t<p class=\"eael-feature-list-content\">Proyectos de Ingenier\u00eda.<\/p>\n\t\t\t\t\t\t<\/div>\n\n\t\t\t\t\t<\/li>\n\t\t\t\t                <li class=\"eael-feature-list-item elementor-repeater-item-6fb5423\">\n                    \n\t\t\t\t\t\t<div class=\"eael-feature-list-icon-box\">\n\t\t\t\t\t\t\t<div class=\"eael-feature-list-icon-inner\">\n\n\t\t\t\t\t\t\t\t<span class=\"eael-feature-list-icon fl-icon-5\">\n\n\t\t<i aria-hidden=\"true\" class=\"fas fa-check\"><\/i>\t\t\t\t\t\t\t\t<\/span>\n\t\t\t\t\t\t\t<\/div>\n\t\t\t\t\t\t<\/div>\n\t\t\t\t\t\t<div class=\"eael-feature-list-content-box\">\n\t\t\t\t\t\t\t<h3 class=\"eael-feature-list-title\"\t\t\t\t\t\t\t><\/h3\t\t\t\t\t\t>\n\t\t\t\t\t\t<p class=\"eael-feature-list-content\">Realizaci\u00f3n de planos de proceso (diagrama de flujo) e instrumentos (P&amp;ID)<\/p>\n\t\t\t\t\t\t<\/div>\n\n\t\t\t\t\t<\/li>\n\t\t\t\t                <li class=\"eael-feature-list-item elementor-repeater-item-91c3d98\">\n                    \n\t\t\t\t\t\t<div class=\"eael-feature-list-icon-box\">\n\t\t\t\t\t\t\t<div class=\"eael-feature-list-icon-inner\">\n\n\t\t\t\t\t\t\t\t<span class=\"eael-feature-list-icon fl-icon-6\">\n\n\t\t<i aria-hidden=\"true\" class=\"fas fa-check\"><\/i>\t\t\t\t\t\t\t\t<\/span>\n\t\t\t\t\t\t\t<\/div>\n\t\t\t\t\t\t<\/div>\n\t\t\t\t\t\t<div class=\"eael-feature-list-content-box\">\n\t\t\t\t\t\t\t<h3 class=\"eael-feature-list-title\"\t\t\t\t\t\t\t><\/h3\t\t\t\t\t\t>\n\t\t\t\t\t\t<p class=\"eael-feature-list-content\">An\u00e1lisis de modificaciones para aumentar la seguridad, productividad o mantenibilidad de equipos o l\u00edneas de producci\u00f3n<\/p>\n\t\t\t\t\t\t<\/div>\n\n\t\t\t\t\t<\/li>\n\t\t\t\t\t\t\t<\/ul>\n\t\t<\/div>\n\t\t\t\t<\/div>\n\t\t\t\t<\/div>\n\t\t\t\t<div class=\"elementor-element elementor-element-a488313 elementor-widget elementor-widget-menu-anchor\" data-id=\"a488313\" data-element_type=\"widget\" data-widget_type=\"menu-anchor.default\">\n\t\t\t\t<div class=\"elementor-widget-container\">\n\t\t\t\t\t<div id=\"3\" class=\"elementor-menu-anchor\"><\/div>\n\t\t\t\t<\/div>\n\t\t\t\t<\/div>\n\t\t\t\t\t<\/div>\n\t\t<\/div>\n\t\t\t\t\t\t\t<\/div>\n\t\t<\/section>\n\t\t\t\t\t\t\t<\/div>\n\t\t","protected":false},"excerpt":{"rendered":"<p>Ingenier\u00eda Ingenier\u00eda Soluciones para la adecuaci\u00f3n de los procesos industriales con enfoque en la mejora continua Aportar valor agregado a partir de soluciones creativas, integrales e inteligentes para todas las necesidades. Aplicamos metodolog\u00edas que permiten transitar un camino ordenado, asegurando que el proceso sea controlado y se concluya con el resultado esperado. Evaluaci\u00f3n de proyectos.&hellip;<\/p>\n","protected":false},"author":1,"featured_media":0,"parent":731,"menu_order":0,"comment_status":"closed","ping_status":"closed","template":"","meta":{"footnotes":""},"yoast_head":"<!-- This site is optimized with the Yoast SEO plugin v21.6 - https:\/\/yoast.com\/wordpress\/plugins\/seo\/ -->\n<title>Ingenieria - ingema<\/title>\n<meta name=\"robots\" content=\"index, follow, max-snippet:-1, max-image-preview:large, max-video-preview:-1\" \/>\n<link rel=\"canonical\" href=\"https:\/\/www.ingema.com.uy\/ingema\/ingema-gestion-mantenimiento-integral\/ingenieria-2\/\" \/>\n<meta property=\"og:locale\" content=\"es_ES\" \/>\n<meta property=\"og:type\" content=\"article\" \/>\n<meta property=\"og:title\" content=\"Ingenieria - ingema\" \/>\n<meta property=\"og:description\" content=\"Ingenier\u00eda Ingenier\u00eda Soluciones para la adecuaci\u00f3n de los procesos industriales con enfoque en la mejora continua Aportar valor agregado a partir de soluciones creativas, integrales e inteligentes para todas las necesidades. Aplicamos metodolog\u00edas que permiten transitar un camino ordenado, asegurando que el proceso sea controlado y se concluya con el resultado esperado. Evaluaci\u00f3n de proyectos.&hellip;\" \/>\n<meta property=\"og:url\" content=\"https:\/\/www.ingema.com.uy\/ingema\/ingema-gestion-mantenimiento-integral\/ingenieria-2\/\" \/>\n<meta property=\"og:site_name\" content=\"ingema\" \/>\n<meta property=\"article:modified_time\" content=\"2024-01-16T13:53:39+00:00\" \/>\n<meta name=\"twitter:card\" content=\"summary_large_image\" \/>\n<meta name=\"twitter:label1\" content=\"Tiempo de lectura\" \/>\n\t<meta name=\"twitter:data1\" content=\"1 minuto\" \/>\n<script type=\"application\/ld+json\" class=\"yoast-schema-graph\">{\"@context\":\"https:\/\/schema.org\",\"@graph\":[{\"@type\":\"WebPage\",\"@id\":\"https:\/\/www.ingema.com.uy\/ingema\/ingema-gestion-mantenimiento-integral\/ingenieria-2\/\",\"url\":\"https:\/\/www.ingema.com.uy\/ingema\/ingema-gestion-mantenimiento-integral\/ingenieria-2\/\",\"name\":\"Ingenieria - ingema\",\"isPartOf\":{\"@id\":\"https:\/\/www.ingema.com.uy\/ingema\/#website\"},\"datePublished\":\"2024-01-15T16:42:24+00:00\",\"dateModified\":\"2024-01-16T13:53:39+00:00\",\"breadcrumb\":{\"@id\":\"https:\/\/www.ingema.com.uy\/ingema\/ingema-gestion-mantenimiento-integral\/ingenieria-2\/#breadcrumb\"},\"inLanguage\":\"es\",\"potentialAction\":[{\"@type\":\"ReadAction\",\"target\":[\"https:\/\/www.ingema.com.uy\/ingema\/ingema-gestion-mantenimiento-integral\/ingenieria-2\/\"]}]},{\"@type\":\"BreadcrumbList\",\"@id\":\"https:\/\/www.ingema.com.uy\/ingema\/ingema-gestion-mantenimiento-integral\/ingenieria-2\/#breadcrumb\",\"itemListElement\":[{\"@type\":\"ListItem\",\"position\":1,\"name\":\"Portada\",\"item\":\"https:\/\/www.ingema.com.uy\/ingema\/\"},{\"@type\":\"ListItem\",\"position\":2,\"name\":\"Ingema &#8211; Gesti\u00f3n de Mantenimiento Integral\",\"item\":\"https:\/\/www.ingema.com.uy\/ingema\/\"},{\"@type\":\"ListItem\",\"position\":3,\"name\":\"Ingenieria\"}]},{\"@type\":\"WebSite\",\"@id\":\"https:\/\/www.ingema.com.uy\/ingema\/#website\",\"url\":\"https:\/\/www.ingema.com.uy\/ingema\/\",\"name\":\"ingema\",\"description\":\"Ingenier\u00eda y mantenimiento\",\"publisher\":{\"@id\":\"https:\/\/www.ingema.com.uy\/ingema\/#organization\"},\"potentialAction\":[{\"@type\":\"SearchAction\",\"target\":{\"@type\":\"EntryPoint\",\"urlTemplate\":\"https:\/\/www.ingema.com.uy\/ingema\/?s={search_term_string}\"},\"query-input\":\"required name=search_term_string\"}],\"inLanguage\":\"es\"},{\"@type\":\"Organization\",\"@id\":\"https:\/\/www.ingema.com.uy\/ingema\/#organization\",\"name\":\"ingema\",\"url\":\"https:\/\/www.ingema.com.uy\/ingema\/\",\"logo\":{\"@type\":\"ImageObject\",\"inLanguage\":\"es\",\"@id\":\"https:\/\/www.ingema.com.uy\/ingema\/#\/schema\/logo\/image\/\",\"url\":\"https:\/\/www.ingema.com.uy\/ingema\/wp-content\/uploads\/2020\/11\/cropped-INGEMA-para-fondos-oscuros-e1701897516994.png\",\"contentUrl\":\"https:\/\/www.ingema.com.uy\/ingema\/wp-content\/uploads\/2020\/11\/cropped-INGEMA-para-fondos-oscuros-e1701897516994.png\",\"width\":295,\"height\":80,\"caption\":\"ingema\"},\"image\":{\"@id\":\"https:\/\/www.ingema.com.uy\/ingema\/#\/schema\/logo\/image\/\"}}]}<\/script>\n<!-- \/ Yoast SEO plugin. -->","yoast_head_json":{"title":"Ingenieria - ingema","robots":{"index":"index","follow":"follow","max-snippet":"max-snippet:-1","max-image-preview":"max-image-preview:large","max-video-preview":"max-video-preview:-1"},"canonical":"https:\/\/www.ingema.com.uy\/ingema\/ingema-gestion-mantenimiento-integral\/ingenieria-2\/","og_locale":"es_ES","og_type":"article","og_title":"Ingenieria - ingema","og_description":"Ingenier\u00eda Ingenier\u00eda Soluciones para la adecuaci\u00f3n de los procesos industriales con enfoque en la mejora continua Aportar valor agregado a partir de soluciones creativas, integrales e inteligentes para todas las necesidades. Aplicamos metodolog\u00edas que permiten transitar un camino ordenado, asegurando que el proceso sea controlado y se concluya con el resultado esperado. Evaluaci\u00f3n de proyectos.&hellip;","og_url":"https:\/\/www.ingema.com.uy\/ingema\/ingema-gestion-mantenimiento-integral\/ingenieria-2\/","og_site_name":"ingema","article_modified_time":"2024-01-16T13:53:39+00:00","twitter_card":"summary_large_image","twitter_misc":{"Tiempo de lectura":"1 minuto"},"schema":{"@context":"https:\/\/schema.org","@graph":[{"@type":"WebPage","@id":"https:\/\/www.ingema.com.uy\/ingema\/ingema-gestion-mantenimiento-integral\/ingenieria-2\/","url":"https:\/\/www.ingema.com.uy\/ingema\/ingema-gestion-mantenimiento-integral\/ingenieria-2\/","name":"Ingenieria - ingema","isPartOf":{"@id":"https:\/\/www.ingema.com.uy\/ingema\/#website"},"datePublished":"2024-01-15T16:42:24+00:00","dateModified":"2024-01-16T13:53:39+00:00","breadcrumb":{"@id":"https:\/\/www.ingema.com.uy\/ingema\/ingema-gestion-mantenimiento-integral\/ingenieria-2\/#breadcrumb"},"inLanguage":"es","potentialAction":[{"@type":"ReadAction","target":["https:\/\/www.ingema.com.uy\/ingema\/ingema-gestion-mantenimiento-integral\/ingenieria-2\/"]}]},{"@type":"BreadcrumbList","@id":"https:\/\/www.ingema.com.uy\/ingema\/ingema-gestion-mantenimiento-integral\/ingenieria-2\/#breadcrumb","itemListElement":[{"@type":"ListItem","position":1,"name":"Portada","item":"https:\/\/www.ingema.com.uy\/ingema\/"},{"@type":"ListItem","position":2,"name":"Ingema &#8211; Gesti\u00f3n de Mantenimiento Integral","item":"https:\/\/www.ingema.com.uy\/ingema\/"},{"@type":"ListItem","position":3,"name":"Ingenieria"}]},{"@type":"WebSite","@id":"https:\/\/www.ingema.com.uy\/ingema\/#website","url":"https:\/\/www.ingema.com.uy\/ingema\/","name":"ingema","description":"Ingenier\u00eda y mantenimiento","publisher":{"@id":"https:\/\/www.ingema.com.uy\/ingema\/#organization"},"potentialAction":[{"@type":"SearchAction","target":{"@type":"EntryPoint","urlTemplate":"https:\/\/www.ingema.com.uy\/ingema\/?s={search_term_string}"},"query-input":"required name=search_term_string"}],"inLanguage":"es"},{"@type":"Organization","@id":"https:\/\/www.ingema.com.uy\/ingema\/#organization","name":"ingema","url":"https:\/\/www.ingema.com.uy\/ingema\/","logo":{"@type":"ImageObject","inLanguage":"es","@id":"https:\/\/www.ingema.com.uy\/ingema\/#\/schema\/logo\/image\/","url":"https:\/\/www.ingema.com.uy\/ingema\/wp-content\/uploads\/2020\/11\/cropped-INGEMA-para-fondos-oscuros-e1701897516994.png","contentUrl":"https:\/\/www.ingema.com.uy\/ingema\/wp-content\/uploads\/2020\/11\/cropped-INGEMA-para-fondos-oscuros-e1701897516994.png","width":295,"height":80,"caption":"ingema"},"image":{"@id":"https:\/\/www.ingema.com.uy\/ingema\/#\/schema\/logo\/image\/"}}]}},"_links":{"self":[{"href":"https:\/\/www.ingema.com.uy\/ingema\/wp-json\/wp\/v2\/pages\/1161"}],"collection":[{"href":"https:\/\/www.ingema.com.uy\/ingema\/wp-json\/wp\/v2\/pages"}],"about":[{"href":"https:\/\/www.ingema.com.uy\/ingema\/wp-json\/wp\/v2\/types\/page"}],"author":[{"embeddable":true,"href":"https:\/\/www.ingema.com.uy\/ingema\/wp-json\/wp\/v2\/users\/1"}],"replies":[{"embeddable":true,"href":"https:\/\/www.ingema.com.uy\/ingema\/wp-json\/wp\/v2\/comments?post=1161"}],"version-history":[{"count":19,"href":"https:\/\/www.ingema.com.uy\/ingema\/wp-json\/wp\/v2\/pages\/1161\/revisions"}],"predecessor-version":[{"id":1305,"href":"https:\/\/www.ingema.com.uy\/ingema\/wp-json\/wp\/v2\/pages\/1161\/revisions\/1305"}],"up":[{"embeddable":true,"href":"https:\/\/www.ingema.com.uy\/ingema\/wp-json\/wp\/v2\/pages\/731"}],"wp:attachment":[{"href":"https:\/\/www.ingema.com.uy\/ingema\/wp-json\/wp\/v2\/media?parent=1161"}],"curies":[{"name":"wp","href":"https:\/\/api.w.org\/{rel}","templated":true}]}}